{"id":29,"date":"2024-12-25T16:30:34","date_gmt":"2024-12-25T16:30:34","guid":{"rendered":"https:\/\/englishlab.net\/esteln\/?page_id=29"},"modified":"2025-01-05T14:39:40","modified_gmt":"2025-01-05T14:39:40","slug":"kaanded","status":"publish","type":"page","link":"https:\/\/englishlab.net\/esteln\/kaanded\/","title":{"rendered":"K\u00e4\u00e4nded"},"content":{"rendered":"<p><strong>K\u00e4\u00e4ndelisi s\u00f5naliike on eesti keeles neli: nimis\u00f5nad, omaduss\u00f5nad, ases\u00f5nad ja arvs\u00f5nad.<\/strong><\/p>\n<p>C\u043a\u043b\u043e\u043d\u044f\u0435\u043c\u044b\u0445 \u0447\u0430\u0441\u0442\u0435\u0439 \u0440\u0435\u0447\u0438 \u0432 \u044d\u0441\u0442\u043e\u043d\u0441\u043a\u043e\u043c \u044f\u0437\u044b\u043a\u0435 \u0447\u0435\u0442\u044b\u0440\u0435: c\u0443\u0449\u0435\u0441\u0442\u0432\u0438\u0442\u0435\u043b\u044c\u043d\u044b\u0435, \u043f\u0440\u0438\u043b\u0430\u0433\u0430\u0442\u0435\u043b\u044c\u043d\u044b\u0435, \u043c\u0435\u0441\u0442\u043e\u0438\u043c\u0435\u043d\u0438\u044f \u0438 \u0447\u0438\u0441\u043b\u0438\u0442\u0435\u043b\u044c\u043d\u044b\u0435.<\/p>\n<p><strong>K\u00e4\u00e4ndeid on eesti keeles 14. M\u00f5ni keeleteadlane on aga arvamusel, et l\u00fchike sisse\u00fctlev ehk l\u00fchike illatiiv (4. vorm, nt tuppa, k\u00e4tte, (l\u00e4hen) parki, (panen) kotti) on 15. k\u00e4\u00e4ne.\u00a0<\/strong><\/p>\n<p>\u041f\u0430\u0434\u0435\u0436\u0435\u0439 \u0432 \u044d\u0441\u0442\u043e\u043d\u0441\u043a\u043e\u043c \u044f\u0437\u044b\u043a\u0435 14. \u041d\u0435\u043a\u043e\u0442\u043e\u0440\u044b\u0435 \u043b\u0438\u043d\u0433\u0432\u0438\u0441\u0442\u044b, \u043e\u0434\u043d\u0430\u043a\u043e, \u0441\u0447\u0438\u0442\u0430\u044e\u0442, \u0447\u0442\u043e 4. \u0444\u043e\u0440\u043c\u0430 \u0438\u043b\u0438 \u043a\u043e\u0440\u043e\u0442\u043a\u0430\u044f \u0444\u043e\u0440\u043c\u0430 \u043f\u0430\u0434\u0435\u0436\u0430 sisse\u00fctlev (\u043d\u0430\u043f\u0440\u0438\u043c\u0435\u0440, tuppa, k\u00e4tte, (l\u00e4hen) parki, (panen) kotti) &#8211; \u044d\u0442\u043e 15-\u044b\u0439 \u043f\u0430\u0434\u0435\u0436.<\/p>\n<p><strong>Ma-tegevusnimel on 5\u00a0 k\u00e4\u00e4ndelist vormi: -ma, -mas, -mast, -mata ja -maks.<\/strong><\/p>\n<p>\u0422\u0430\u043a\u0436\u0435 \u0443 ma-\u0438\u043d\u0444\u0438\u043d\u0438\u0442\u0438\u0432\u0430 \u0435\u0441\u0442\u044c 5 \u0441\u043a\u043b\u043e\u043d\u044f\u0435\u043c\u044b\u0445 \u0444\u043e\u0440\u043c: -ma, -mas, -mast, -mata ja -maks.<\/p>\n<p>Testi ennast: \u041f\u0440\u043e\u0432\u0435\u0440\u044c\u0442\u0435 \u0441\u0435\u0431\u044f &#8211;<a href=\"https:\/\/englishlab.net\/esteln\/kaanded\/kaandenimed-ja-tyybid\/\"> \u043f\u043e\u0434\u0431\u0435\u0440\u0438\u0442\u0435 \u043a \u043e\u043a\u043e\u043d\u0447\u0430\u043d\u0438\u044f\u043c \u0438 \u0432\u043e\u043f\u0440\u043e\u0441\u0430\u043c \u043d\u0430\u0437\u0432\u0430\u043d\u0438\u044f \u043f\u0430\u0434\u0435\u0436\u0435\u0439 \u0438\u043b\u0438 \u0438\u0445 \u043f\u043e\u0434\u0433\u0440\u0443\u043f\u043f<\/a><\/p>\n","protected":false},"excerpt":{"rendered":"<p>K\u00e4\u00e4ndelisi s\u00f5naliike on eesti keeles neli: nimis\u00f5nad, omaduss\u00f5nad, ases\u00f5nad ja arvs\u00f5nad. C\u043a\u043b\u043e\u043d\u044f\u0435\u043c\u044b\u0445 \u0447\u0430\u0441\u0442\u0435\u0439 \u0440\u0435\u0447\u0438 \u0432 \u044d\u0441\u0442\u043e\u043d\u0441\u043a\u043e\u043c \u044f\u0437\u044b\u043a\u0435 \u0447\u0435\u0442\u044b\u0440\u0435: c\u0443\u0449\u0435\u0441\u0442\u0432\u0438\u0442\u0435\u043b\u044c\u043d\u044b\u0435, \u043f\u0440\u0438\u043b\u0430\u0433\u0430\u0442\u0435\u043b\u044c\u043d\u044b\u0435, \u043c\u0435\u0441\u0442\u043e\u0438\u043c\u0435\u043d\u0438\u044f \u0438 \u0447\u0438\u0441\u043b\u0438\u0442\u0435\u043b\u044c\u043d\u044b\u0435. K\u00e4\u00e4ndeid on eesti keeles 14. M\u00f5ni keeleteadlane on aga arvamusel, et l\u00fchike sisse\u00fctlev ehk l\u00fchike illatiiv (4. vorm, nt tuppa, k\u00e4tte, (l\u00e4hen) parki, (panen) kotti) on 15. k\u00e4\u00e4ne.\u00a0 \u041f\u0430\u0434\u0435\u0436\u0435\u0439 \u0432 \u044d\u0441\u0442\u043e\u043d\u0441\u043a\u043e\u043c \u044f\u0437\u044b\u043a\u0435 [&hellip;]<\/p>\n","protected":false},"author":1,"featured_media":0,"parent":0,"menu_order":0,"comment_status":"closed","ping_status":"closed","template":"","meta":{"footnotes":""},"class_list":["post-29","page","type-page","status-publish","hentry"],"_links":{"self":[{"href":"https:\/\/englishlab.net\/esteln\/wp-json\/wp\/v2\/pages\/29","targetHints":{"allow":["GET"]}}],"collection":[{"href":"https:\/\/englishlab.net\/esteln\/wp-json\/wp\/v2\/pages"}],"about":[{"href":"https:\/\/englishlab.net\/esteln\/wp-json\/wp\/v2\/types\/page"}],"author":[{"embeddable":true,"href":"https:\/\/englishlab.net\/esteln\/wp-json\/wp\/v2\/users\/1"}],"replies":[{"embeddable":true,"href":"https:\/\/englishlab.net\/esteln\/wp-json\/wp\/v2\/comments?post=29"}],"version-history":[{"count":8,"href":"https:\/\/englishlab.net\/esteln\/wp-json\/wp\/v2\/pages\/29\/revisions"}],"predecessor-version":[{"id":91,"href":"https:\/\/englishlab.net\/esteln\/wp-json\/wp\/v2\/pages\/29\/revisions\/91"}],"wp:attachment":[{"href":"https:\/\/englishlab.net\/esteln\/wp-json\/wp\/v2\/media?parent=29"}],"curies":[{"name":"wp","href":"https:\/\/api.w.org\/{rel}","templated":true}]}}