{"id":61,"date":"2025-01-03T18:16:30","date_gmt":"2025-01-03T18:16:30","guid":{"rendered":"https:\/\/englishlab.net\/esteln\/?page_id=61"},"modified":"2025-01-03T18:23:04","modified_gmt":"2025-01-03T18:23:04","slug":"haaldus","status":"publish","type":"page","link":"https:\/\/englishlab.net\/esteln\/haaldus\/","title":{"rendered":"H\u00e4\u00e4ldus"},"content":{"rendered":"<p>H\u00e4\u00e4ldus \u2013 \u043f\u0440\u043e\u0438\u0437\u043d\u043e\u0448\u0435\u043d\u0438\u0435 (\u0447\u044c\u0451-\u0442\u043e), h\u00e4\u00e4ldamine \u00a0\u2013\u00a0 \u0430\u0440\u0442\u0438\u043a\u0443\u043b\u044f\u0446\u0438\u044f \u0438\u043b\u0438 \u043f\u0440\u043e\u0438\u0437\u043d\u043e\u0448\u0435\u043d\u0438\u0435 (\u043f\u0440\u043e\u0446\u0435\u0441\u0441 \u043f\u0440\u043e\u0438\u0437\u043d\u0435\u0441\u0435\u043d\u0438\u044f), h\u00e4\u00e4ldama &#8211; \u043f\u0440\u043e\u0438\u0437\u043d\u043e\u0441\u0438\u0442\u044c.<\/p>\n<p>\u0422\u043e, \u043a\u0430\u043a \u0434\u0435\u043b\u044f\u0442\u0441\u044f \u043d\u0430 \u043a\u0430\u0442\u0435\u0433\u043e\u0440\u0438\u0438 \u0437\u0432\u0443\u043a\u0438 \u044d\u0441\u0442\u043e\u043d\u0441\u043a\u043e\u0433\u043e \u044f\u0437\u044b\u043a\u0430, \u043d\u0435\u043c\u043d\u043e\u0433\u043e \u043e\u0442\u043b\u0438\u0447\u0430\u0435\u0442\u0441\u044f \u043e\u0442 \u0442\u043e\u0433\u043e, \u043a\u0430\u043a \u044d\u0442\u043e \u0432 \u0440\u0443\u0441\u0441\u043a\u043e\u043c.<\/p>\n<div class=\"h5p-iframe-wrapper\"><iframe id=\"h5p-iframe-2\" class=\"h5p-iframe\" data-content-id=\"2\" style=\"height:1px\" src=\"about:blank\" frameBorder=\"0\" scrolling=\"no\" title=\"T\u00e4hed ja h\u00e4\u00e4likud 01\"><\/iframe><\/div>\n<div class=\"h5p-iframe-wrapper\"><iframe id=\"h5p-iframe-3\" class=\"h5p-iframe\" data-content-id=\"3\" style=\"height:1px\" src=\"about:blank\" frameBorder=\"0\" scrolling=\"no\" title=\"T\u00e4hed ja h\u00e4\u00e4likud 02\"><\/iframe><\/div>\n<p>\u041f\u043e\u0434\u0440\u043e\u0431\u043d\u0435\u0435 \u043e \u043d\u044e\u0430\u043d\u0441\u0430\u0445 \u043c\u043e\u0436\u043d\u043e \u043f\u043e\u0447\u0438\u0442\u0430\u0442\u044c \u0432 \u0441\u043f\u0440\u0430\u0432\u043e\u0447\u043d\u0438\u043a\u0435 <a href=\"https:\/\/teatmik.eki.ee\/teatmik\/eesti-keele-haalikute-ja-kirjapildi-suhe\/\">https:\/\/teatmik.eki.ee\/teatmik\/eesti-keele-haalikute-ja-kirjapildi-suhe\/<\/a><\/p>\n","protected":false},"excerpt":{"rendered":"<p>H\u00e4\u00e4ldus \u2013 \u043f\u0440\u043e\u0438\u0437\u043d\u043e\u0448\u0435\u043d\u0438\u0435 (\u0447\u044c\u0451-\u0442\u043e), h\u00e4\u00e4ldamine \u00a0\u2013\u00a0 \u0430\u0440\u0442\u0438\u043a\u0443\u043b\u044f\u0446\u0438\u044f \u0438\u043b\u0438 \u043f\u0440\u043e\u0438\u0437\u043d\u043e\u0448\u0435\u043d\u0438\u0435 (\u043f\u0440\u043e\u0446\u0435\u0441\u0441 \u043f\u0440\u043e\u0438\u0437\u043d\u0435\u0441\u0435\u043d\u0438\u044f), h\u00e4\u00e4ldama &#8211; \u043f\u0440\u043e\u0438\u0437\u043d\u043e\u0441\u0438\u0442\u044c. \u0422\u043e, \u043a\u0430\u043a \u0434\u0435\u043b\u044f\u0442\u0441\u044f \u043d\u0430 \u043a\u0430\u0442\u0435\u0433\u043e\u0440\u0438\u0438 \u0437\u0432\u0443\u043a\u0438 \u044d\u0441\u0442\u043e\u043d\u0441\u043a\u043e\u0433\u043e \u044f\u0437\u044b\u043a\u0430, \u043d\u0435\u043c\u043d\u043e\u0433\u043e \u043e\u0442\u043b\u0438\u0447\u0430\u0435\u0442\u0441\u044f \u043e\u0442 \u0442\u043e\u0433\u043e, \u043a\u0430\u043a \u044d\u0442\u043e \u0432 \u0440\u0443\u0441\u0441\u043a\u043e\u043c. \u041f\u043e\u0434\u0440\u043e\u0431\u043d\u0435\u0435 \u043e \u043d\u044e\u0430\u043d\u0441\u0430\u0445 \u043c\u043e\u0436\u043d\u043e \u043f\u043e\u0447\u0438\u0442\u0430\u0442\u044c \u0432 \u0441\u043f\u0440\u0430\u0432\u043e\u0447\u043d\u0438\u043a\u0435 https:\/\/teatmik.eki.ee\/teatmik\/eesti-keele-haalikute-ja-kirjapildi-suhe\/<\/p>\n","protected":false},"author":1,"featured_media":0,"parent":0,"menu_order":0,"comment_status":"closed","ping_status":"closed","template":"","meta":{"footnotes":""},"class_list":["post-61","page","type-page","status-publish","hentry"],"_links":{"self":[{"href":"https:\/\/englishlab.net\/esteln\/wp-json\/wp\/v2\/pages\/61","targetHints":{"allow":["GET"]}}],"collection":[{"href":"https:\/\/englishlab.net\/esteln\/wp-json\/wp\/v2\/pages"}],"about":[{"href":"https:\/\/englishlab.net\/esteln\/wp-json\/wp\/v2\/types\/page"}],"author":[{"embeddable":true,"href":"https:\/\/englishlab.net\/esteln\/wp-json\/wp\/v2\/users\/1"}],"replies":[{"embeddable":true,"href":"https:\/\/englishlab.net\/esteln\/wp-json\/wp\/v2\/comments?post=61"}],"version-history":[{"count":2,"href":"https:\/\/englishlab.net\/esteln\/wp-json\/wp\/v2\/pages\/61\/revisions"}],"predecessor-version":[{"id":64,"href":"https:\/\/englishlab.net\/esteln\/wp-json\/wp\/v2\/pages\/61\/revisions\/64"}],"wp:attachment":[{"href":"https:\/\/englishlab.net\/esteln\/wp-json\/wp\/v2\/media?parent=61"}],"curies":[{"name":"wp","href":"https:\/\/api.w.org\/{rel}","templated":true}]}}